 6*h + 9*h - 3*h + 11 - 3*h**2 + 8. What is the remainder when 299 is divided by n(13)?
5
Suppose -41 = -10*l + 9*l. Let i be (-3 + (128 - 0))/1. Suppose -51 = -8*k + i. What is the remainder when l is divided by k?
19
Let c(f) = 4*f**2 + 40*f + 4. Let a be (-38)/8 - 3/(-4). Let s be a/22 + 108/(-11). Calculate the remainder when 10 is divided by c(s).
2
Let p(m) = -2*m**3 - 56*m**2 + 26*m - 17. What is the remainder when p(-29) is divided by 41?
9
Let t(h) = -13*h - 1. Let r(m) = m - 1. Let q be 18/(-45) - (-8)/(-5). Let c(g) = q*r(g) + t(g). Calculate the remainder when c(-6) is divided by 12.
7
Let r(o) = -7*o + 7. Suppose -5*f - a = 8 - 103, -4*f = -a - 67. Suppose -f = -5*l + 37. Calculate the remainder when r(-8) is divided by l.
8
Let d(j) = -j**3 - 53*j**2 - 105*j - 96. Let p be (16 - -1)*(62 + -65). Calculate the remainder when d(p) is divided by 26.
5
Let h = 109 - 101. Suppose -20*o = -22*o + 58. Let g = o - 28. Calculate the remainder when h is divided by g.
0
Let y = -2514 - -2555. Calculate the remainder when y is divided by 1/(-1)*1*-4.
1
Suppose -82*z + 214 + 1769 = -44839. What is the remainder when z is divided by 115?
111
What is the remainder when 293 is divided by (-12)/(264/(-374)) + 51?
21
Suppose -53*f + 11245 = 2*v + 3*v - 52*f, 0 = 3*f. Calculate the remainder when v is divided by 9.
8
Suppose 3*r - 5 = q, -3*r = -8*r - 2*q + 23. Let y = 9 - r. Let t = 83 + -38. What is the remainder when t is divided by y?
3
Let k = 148 + -105. Let a(j) = 2*j - 33. Calculate the remainder when k is divided by a(32).
12
Let r(p) = -p**3 + 4*p**2 + 18*p - 6. Let k be r(5). Suppose k = 5*t - 6. What is the remainder when 50 is divided by t?
11
Suppose -3*z - 6 = y - 257, 3*y + z = 713. Suppose y*q - 233*q = 246. What is the remainder when q is divided by 42?
40
Suppose -2*j = 2*r - 288, -13*j + 9*j = -r + 149. What is the remainder when 297 is divided by r?
7
Let z(x) = 5*x**3 + 2*x**2 - 13. Let f be 130/42 + (-5 - (-515)/105). Calculate the remainder when z(f) is divided by 70.
0
Let n(h) = h + 12. What is the remainder when 10*(20034/(-84))/(-53) is divided by n(-7)?
0
Let y = 413 + -413. Let i = 12 + -7. Suppose d - 17 + i = y. What is the remainder when 82 is divided by d?
10
Let m = 3379 - 3322. Calculate the remainder when 1195 is divided by m.
55
Suppose -73*g + 46*g + 295 = 32*g. Calculate the remainder when 6162 is divided by g.
2
Let f be -40 - ((-10 - -5)*1 + 3). Let r = -21 - -8. Let b = r - f. Calculate the remainder when 71 is divided by b.
21
Let i = -33 + 34. Let x be (-1)/(-5)*0*i. Suppose -2*o = -4*a + 88, a + 0*a + 5*o = x. Calculate the remainder when 59 is divided by a.
19
Suppose 4*b + 3*k = 44, b + 46 = 9*k - 21. What is the remainder when 537 is divided by b?
2
Let j(c) = -1043*c - 6449. What is the remainder when j(-7) is divided by 315?
222
Suppose -6 = -45*n + 47*n, 0 = -3*r - 2*n. Suppose -r*v + 2*f = -766, 766 = 2*v + 2*f + f. What is the remainder when v is divided by 16?
15
Let q(m) = m**2 - 7*m - 229. Suppose 131 = 3*i + 26. Calculate the remainder when q(-16) is divided by i.
34
What is the remainder when 1417 is divided by (-36)/(-8)*(-349)/9*(-4 + 0)?
21
Let c(l) = l**3 + 17*l**2 - 119*l - 2125. What is the remainder when 706 is divided by c(-16)?
6
Suppose 2*f = 8, -2*f - 17 = -3*v + 155. What is the remainder when 4737 is divided by v?
57
Let v = 70 - 68. Suppose 5*o - 23 - 45 = -v*t, 2*t + o - 68 = 0. What is the remainder when t is divided by 20?
14
Let p = 144 - 115. What is the remainder when 43330/150 + ((-56)/30 - -2) is divided by p?
28
Suppose -7*z - 34060 = -138*z. What is the remainder when 1313 is divided by z?
13
What is the remainder when 1804 is divided by 1/(-5) + 1266/(-300)*-10?
40
Suppose 12*f + 35 = 455. Suppose 0*o = 7*o - f. Calculate the remainder when 31 is divided by o.
1
Suppose 3*s = 5*k + 7, 5*k + 9 = 2*s - s. Suppose 0 = -2*u - 6 + 16. Calculate the remainder when u is divided by ((-1)/(-1) + k)*16/(-8).
1
Let o(d) = d**2 + 62*d - 318. What is the remainder when o(-73) is divided by 240?
5
Let b be (-30)/(-120) - 75/(-4). Suppose -3*l = -b - 71. What is the remainder when 116 is divided by l?
26
Let s(d) = d**2 - 30*d + 13. Let w be s(29). Let k = 37 + w. What is the remainder when 59 is divided by k?
17
Suppose 5*r = -0*r + 1017 - 927. Calculate the remainder when 1345 is divided by r.
13
Let c(v) be the first derivative of -v**4/4 - 4*v**3 + 27*v**2/2 + 21*v - 47. Calculate the remainder when 100 is divided by c(-14).
30
Calculate the remainder when 95 + (21/(105/20))/(-2) is divided by 25.
18
Let w(p) = p**3 - 15*p**2 + 65*p - 60. Suppose -3*b = -5*y - 6*b + 1, 4 = -4*y - 4*b. Calculate the remainder when w(7) is divided by y.
1
Let p = 17842 - 17698. Calculate the remainder when 1144 is divided by p.
136
Let h be (13 - 14)/(2/(-42)). Let t(g) = g**3 + 6*g**2 + g - 9. Calculate the remainder when t(-4) is divided by (-1 - h)*(7 + 120/(-16)).
8
Let d = -8099 + 10880. What is the remainder when d is divided by 107?
106
Let q = 1174 - 582. Let w = q - 583. Calculate the remainder when 212 is divided by w.
5
Let n(p) = 50*p**2 + 8*p + 7. Calculate the remainder when n(-3) is divided by 16.
1
Suppose -3*n - 2*u + 142 = 0, n + u - 65 + 18 = 0. What is the remainder when 120 is divided by n?
24
Let u be ((-6)/(-5))/(30/500). Suppose 4*n = -8, -u + 4 = -p - 5*n. Calculate the remainder when p is divided by 7.
5
Let l = 135 + -42. Let v = 1025 + -1357. Let m = 351 + v. What is the remainder when l is divided by m?
17
Let v(s) = 94*s - 182. Suppose 8 = 2*q - 2. Suppose g + 160 = q*g. Calculate the remainder when g is divided by v(2).
4
Suppose 4*x - 5*x = g - 80, 5*x - 317 = -4*g. Let n(c) = -c**3 + 103*c**2 - 132*c + 3083. Calculate the remainder when g is divided by n(102).
14
Suppose 0 = 3*v - 5*z + 8*z - 12498, 3*v - 2*z - 12493 = 0. What is the remainder when v is divided by 97?
91
Suppose -5*r = r. Suppose r*m - 5*m = 360. What is the remainder when (3/(-6))/(3/m) is divided by 3?
0
Let c(v) = 5*v + 15. Let g(k) = -7*k - 23. Let i(w) = -8*c(w) - 5*g(w). Suppose 83*s - 1950 = 33*s. Calculate the remainder when s is divided by i(-5).
19
Let x(l) = -144*l**3 - l**2 - 4*l - 3. Suppose 10*r - 591 = -61. Calculate the remainder when x(-1) is divided by r.
38
Let j = 152 + -106. Let a = j - 31. Calculate the remainder when 157 is divided by a.
7
Let s = -1311 - -1389. Calculate the remainder when 223 is divided by s.
67
Calculate the remainder when 813 is divided by 1 + -17 + (10 - -9).
0
Suppose -4*o + 6*o = 2*l + 26, l = 0. Suppose 35*m - 28*m = 70. Let s = m + o. What is the remainder when 114 is divided by s?
22
Let b(g) = -2*g**3 - 74*g**2 + 60*g - 11. Let m be b(-38). Suppose 29*p - 157 = m. What is the remainder when 128 is divided by p?
24
Let j be (-15)/30*(-2 + 3 + 13). What is the remainder when 323 is divided by j/(-28) - (190/(-8) + -3)?
26
Let h be ((3 + -3)/(1 + -2))/2. Suppose h = 2*g - 45 + 9. Suppose -3*v + g = -v. What is the remainder when v is divided by 4?
1
Let i(p) = 54*p**2 - 2*p + 17. Let t(l) = 4*l**2 + 29*l - 89. Calculate the remainder when i(-3) is divided by t(3).
33
Suppose -4*k + 3683 = -5*m - 20100, 4*k = -4*m + 23720. What is the remainder when k is divided by 108?
105
Let u(t) = t**3 - 5*t**2 + 5*t - 4. Let s be u(4). Let v be (-16)/6*29/406*-21. Suppose s = -v*q + 342 - 42. What is the remainder when q is divided by 13?
10
Let w = 355 + -182. Suppose -380*g - 534 = -386*g. Suppose -g = -4*r + x + 46, 2*r - x = 65. Calculate the remainder when w is divided by r.
33
Let l(h) = h**2 - 4*h - 9. Suppose -q + 4*q = -6. What is the remainder when l(-6) is divided by ((-4860)/42)/(-6) - q/(-7)?
13
Suppose 1 = r, 4*n - 87 = 3*r - 2*r. Suppose 0 = 2*a - 5*h - 243, -129 = -a + 37*h - 33*h. Calculate the remainder when a is divided by n.
21
Suppose 181*a - 359*a = -176*a - 2098. Calculate the remainder when a is divided by 89.
70
Suppose -6*w = -20 - 88. Suppose w*z - 12*z = 480. Calculate the remainder when z is divided by 18.
8
Let p = 56 - 60. What is the remainder when 30 - (-144)/8*p/18 is divided by 16?
10
Suppose 203*f - 209*f - 54 = 0. What is the remainder when 0 + 9/(f/(-82)) is divided by 7?
5
Let r = 7886 + 418. What is the remainder when 